{"id":4035,"date":"2023-01-25T13:42:50","date_gmt":"2023-01-25T12:42:50","guid":{"rendered":"https:\/\/monitoring.patlevic.sk\/?page_id=4035"},"modified":"2023-02-04T14:55:19","modified_gmt":"2023-02-04T13:55:19","slug":"pf-ka","status":"publish","type":"page","link":"https:\/\/monitoring.patlevic.sk\/?page_id=4035","title":{"rendered":"PF-ka"},"content":{"rendered":"<div class=\"fusion-fullwidth fullwidth-box fusion-builder-row-1 fusion-flex-container has-pattern-background has-mask-background nonhundred-percent-fullwidth non-hundred-percent-height-scrolling\" style=\"background-color: rgba(255,255,255,0);background-position: center center;background-repeat: no-repeat;border-width: 0px 0px 0px 0px;border-color:#e2e2e2;border-style:solid;\" ><div class=\"fusion-builder-row fusion-row fusion-flex-align-items-flex-start\" style=\"max-width:1248px;margin-left: calc(-4% \/ 2 );margin-right: calc(-4% \/ 2 );\"><div class=\"fusion-layout-column fusion_builder_column fusion-builder-column-0 fusion_builder_column_1_5 1_5 fusion-flex-column\"><div class=\"fusion-column-wrapper fusion-flex-justify-content-flex-start fusion-content-layout-column\" style=\"background-position:left top;background-repeat:no-repeat;-webkit-background-size:cover;-moz-background-size:cover;-o-background-size:cover;background-size:cover;padding: 0px 0px 0px 0px;\"><\/div><style type=\"text\/css\">.fusion-body .fusion-builder-column-0{width:20% !important;margin-top : 0px;margin-bottom : 20px;}.fusion-builder-column-0 > .fusion-column-wrapper {padding-top : 0px !important;padding-right : 0px !important;margin-right : 9.6%;padding-bottom : 0px !important;padding-left : 0px !important;margin-left : 9.6%;}@media only screen and (max-width:1024px) {.fusion-body .fusion-builder-column-0{width:20% !important;order : 0;}.fusion-builder-column-0 > .fusion-column-wrapper {margin-right : 9.6%;margin-left : 9.6%;}}@media only screen and (max-width:640px) {.fusion-body .fusion-builder-column-0{width:100% !important;order : 0;}.fusion-builder-column-0 > .fusion-column-wrapper {margin-right : 1.92%;margin-left : 1.92%;}}<\/style><\/div><div class=\"fusion-layout-column fusion_builder_column fusion-builder-column-1 fusion_builder_column_3_5 3_5 fusion-flex-column\"><div class=\"fusion-column-wrapper fusion-flex-justify-content-flex-start fusion-content-layout-column\" style=\"background-position:left top;background-repeat:no-repeat;-webkit-background-size:cover;-moz-background-size:cover;-o-background-size:cover;background-size:cover;padding: 0px 0px 0px 0px;\"><div class=\"fusion-text fusion-text-1\"><p><strong>PF 2022<\/strong><\/p>\n<p><img decoding=\"async\" class=\"lazyload alignnone wp-image-4301 size-full\" src=\"https:\/\/monitoring.patlevic.sk\/wp-content\/uploads\/2023\/01\/pf-2022.jpg\" data-orig-src=\"https:\/\/monitoring.patlevic.sk\/wp-content\/uploads\/2023\/01\/pf-2022.jpg\" alt=\"\" width=\"800\" height=\"351\" srcset=\"data:image\/svg+xml,%3Csvg%20xmlns%3D%27http%3A%2F%2Fwww.w3.org%2F2000%2Fsvg%27%20width%3D%27800%27%20height%3D%27351%27%20viewBox%3D%270%200%20800%20351%27%3E%3Crect%20width%3D%27800%27%20height%3D%27351%27%20fill-opacity%3D%220%22%2F%3E%3C%2Fsvg%3E\" data-srcset=\"https:\/\/monitoring.patlevic.sk\/wp-content\/uploads\/2023\/01\/pf-2022-200x88.jpg 200w, https:\/\/monitoring.patlevic.sk\/wp-content\/uploads\/2023\/01\/pf-2022-300x132.jpg 300w, https:\/\/monitoring.patlevic.sk\/wp-content\/uploads\/2023\/01\/pf-2022-400x176.jpg 400w, https:\/\/monitoring.patlevic.sk\/wp-content\/uploads\/2023\/01\/pf-2022-600x263.jpg 600w, https:\/\/monitoring.patlevic.sk\/wp-content\/uploads\/2023\/01\/pf-2022-768x337.jpg 768w, https:\/\/monitoring.patlevic.sk\/wp-content\/uploads\/2023\/01\/pf-2022.jpg 800w\" data-sizes=\"auto\" data-orig-sizes=\"(max-width: 800px) 100vw, 800px\" \/><\/p>\n<p><strong>PF 2021<\/strong><\/p>\n<p><img decoding=\"async\" class=\"lazyload alignnone wp-image-4300 size-fusion-800\" src=\"https:\/\/monitoring.patlevic.sk\/wp-content\/uploads\/2023\/01\/pf-2021-800x351.jpg\" data-orig-src=\"https:\/\/monitoring.patlevic.sk\/wp-content\/uploads\/2023\/01\/pf-2021-800x351.jpg\" alt=\"\" width=\"800\" height=\"351\" srcset=\"data:image\/svg+xml,%3Csvg%20xmlns%3D%27http%3A%2F%2Fwww.w3.org%2F2000%2Fsvg%27%20width%3D%27800%27%20height%3D%27351%27%20viewBox%3D%270%200%20800%20351%27%3E%3Crect%20width%3D%27800%27%20height%3D%27351%27%20fill-opacity%3D%220%22%2F%3E%3C%2Fsvg%3E\" data-srcset=\"https:\/\/monitoring.patlevic.sk\/wp-content\/uploads\/2023\/01\/pf-2021-200x88.jpg 200w, https:\/\/monitoring.patlevic.sk\/wp-content\/uploads\/2023\/01\/pf-2021-300x132.jpg 300w, https:\/\/monitoring.patlevic.sk\/wp-content\/uploads\/2023\/01\/pf-2021-400x176.jpg 400w, https:\/\/monitoring.patlevic.sk\/wp-content\/uploads\/2023\/01\/pf-2021-600x263.jpg 600w, https:\/\/monitoring.patlevic.sk\/wp-content\/uploads\/2023\/01\/pf-2021-768x337.jpg 768w, https:\/\/monitoring.patlevic.sk\/wp-content\/uploads\/2023\/01\/pf-2021-800x351.jpg 800w, https:\/\/monitoring.patlevic.sk\/wp-content\/uploads\/2023\/01\/pf-2021.jpg 820w\" data-sizes=\"auto\" data-orig-sizes=\"(max-width: 800px) 100vw, 800px\" \/><\/p>\n<p><strong>PF 2020<\/strong><\/p>\n<p>Podporovate\u013eom projektu bol aj Bratislavsk\u00fd samospr\u00e1vny kraj cestou vlastnej dota\u010dnej sch\u00e9my.<\/p>\n<p><a href=\"https:\/\/monitoring.patlevic.sk\/wp-content\/uploads\/2023\/01\/pf-2020.jpg\"><img decoding=\"async\" class=\"lazyload alignnone size-fusion-800 wp-image-4299\" src=\"https:\/\/monitoring.patlevic.sk\/wp-content\/uploads\/2023\/01\/pf-2020-800x351.jpg\" data-orig-src=\"https:\/\/monitoring.patlevic.sk\/wp-content\/uploads\/2023\/01\/pf-2020-800x351.jpg\" alt=\"\" width=\"800\" height=\"351\" srcset=\"data:image\/svg+xml,%3Csvg%20xmlns%3D%27http%3A%2F%2Fwww.w3.org%2F2000%2Fsvg%27%20width%3D%27800%27%20height%3D%27351%27%20viewBox%3D%270%200%20800%20351%27%3E%3Crect%20width%3D%27800%27%20height%3D%27351%27%20fill-opacity%3D%220%22%2F%3E%3C%2Fsvg%3E\" data-srcset=\"https:\/\/monitoring.patlevic.sk\/wp-content\/uploads\/2023\/01\/pf-2020-200x88.jpg 200w, https:\/\/monitoring.patlevic.sk\/wp-content\/uploads\/2023\/01\/pf-2020-300x132.jpg 300w, https:\/\/monitoring.patlevic.sk\/wp-content\/uploads\/2023\/01\/pf-2020-400x176.jpg 400w, https:\/\/monitoring.patlevic.sk\/wp-content\/uploads\/2023\/01\/pf-2020-600x263.jpg 600w, https:\/\/monitoring.patlevic.sk\/wp-content\/uploads\/2023\/01\/pf-2020-768x337.jpg 768w, https:\/\/monitoring.patlevic.sk\/wp-content\/uploads\/2023\/01\/pf-2020-800x351.jpg 800w, https:\/\/monitoring.patlevic.sk\/wp-content\/uploads\/2023\/01\/pf-2020.jpg 820w\" data-sizes=\"auto\" data-orig-sizes=\"(max-width: 800px) 100vw, 800px\" \/><\/a><\/p>\n<p><strong>PF 2019<\/strong><\/p>\n<p>Podporovate\u013eom projektu bol aj Bratislavsk\u00fd samospr\u00e1vny kraj cestou vlastnej dota\u010dnej sch\u00e9my.<\/p>\n<p><a href=\"https:\/\/monitoring.patlevic.sk\/wp-content\/uploads\/2023\/01\/pf-2019.png\"><img decoding=\"async\" class=\"lazyload alignnone size-fusion-800 wp-image-4297\" src=\"https:\/\/monitoring.patlevic.sk\/wp-content\/uploads\/2023\/01\/pf-2019-800x296.png\" data-orig-src=\"https:\/\/monitoring.patlevic.sk\/wp-content\/uploads\/2023\/01\/pf-2019-800x296.png\" alt=\"\" width=\"800\" height=\"296\" srcset=\"data:image\/svg+xml,%3Csvg%20xmlns%3D%27http%3A%2F%2Fwww.w3.org%2F2000%2Fsvg%27%20width%3D%27800%27%20height%3D%27296%27%20viewBox%3D%270%200%20800%20296%27%3E%3Crect%20width%3D%27800%27%20height%3D%27296%27%20fill-opacity%3D%220%22%2F%3E%3C%2Fsvg%3E\" data-srcset=\"https:\/\/monitoring.patlevic.sk\/wp-content\/uploads\/2023\/01\/pf-2019-200x74.png 200w, https:\/\/monitoring.patlevic.sk\/wp-content\/uploads\/2023\/01\/pf-2019-300x111.png 300w, https:\/\/monitoring.patlevic.sk\/wp-content\/uploads\/2023\/01\/pf-2019-400x148.png 400w, https:\/\/monitoring.patlevic.sk\/wp-content\/uploads\/2023\/01\/pf-2019-600x222.png 600w, https:\/\/monitoring.patlevic.sk\/wp-content\/uploads\/2023\/01\/pf-2019-768x284.png 768w, https:\/\/monitoring.patlevic.sk\/wp-content\/uploads\/2023\/01\/pf-2019-800x296.png 800w, https:\/\/monitoring.patlevic.sk\/wp-content\/uploads\/2023\/01\/pf-2019.png 851w\" data-sizes=\"auto\" data-orig-sizes=\"(max-width: 800px) 100vw, 800px\" \/><\/a><\/p>\n<p><a href=\"https:\/\/monitoring.patlevic.sk\/wp-content\/uploads\/2023\/01\/pf-2019-2.jpg\"><img decoding=\"async\" class=\"lazyload alignnone size-fusion-800 wp-image-4298\" src=\"https:\/\/monitoring.patlevic.sk\/wp-content\/uploads\/2023\/01\/pf-2019-2-800x352.jpg\" data-orig-src=\"https:\/\/monitoring.patlevic.sk\/wp-content\/uploads\/2023\/01\/pf-2019-2-800x352.jpg\" alt=\"\" width=\"800\" height=\"352\" srcset=\"data:image\/svg+xml,%3Csvg%20xmlns%3D%27http%3A%2F%2Fwww.w3.org%2F2000%2Fsvg%27%20width%3D%27800%27%20height%3D%27352%27%20viewBox%3D%270%200%20800%20352%27%3E%3Crect%20width%3D%27800%27%20height%3D%27352%27%20fill-opacity%3D%220%22%2F%3E%3C%2Fsvg%3E\" data-srcset=\"https:\/\/monitoring.patlevic.sk\/wp-content\/uploads\/2023\/01\/pf-2019-2-200x88.jpg 200w, https:\/\/monitoring.patlevic.sk\/wp-content\/uploads\/2023\/01\/pf-2019-2-300x132.jpg 300w, https:\/\/monitoring.patlevic.sk\/wp-content\/uploads\/2023\/01\/pf-2019-2-400x176.jpg 400w, https:\/\/monitoring.patlevic.sk\/wp-content\/uploads\/2023\/01\/pf-2019-2-600x264.jpg 600w, https:\/\/monitoring.patlevic.sk\/wp-content\/uploads\/2023\/01\/pf-2019-2-768x338.jpg 768w, https:\/\/monitoring.patlevic.sk\/wp-content\/uploads\/2023\/01\/pf-2019-2-800x352.jpg 800w, https:\/\/monitoring.patlevic.sk\/wp-content\/uploads\/2023\/01\/pf-2019-2-1024x450.jpg 1024w, https:\/\/monitoring.patlevic.sk\/wp-content\/uploads\/2023\/01\/pf-2019-2.jpg 1140w\" data-sizes=\"auto\" data-orig-sizes=\"(max-width: 800px) 100vw, 800px\" \/><\/a><\/p>\n<p><strong>PF 2018<\/strong><\/p>\n<p><a href=\"https:\/\/monitoring.patlevic.sk\/wp-content\/uploads\/2023\/01\/pf-2018.jpg\"><img decoding=\"async\" class=\"lazyload alignnone size-fusion-800 wp-image-4296\" src=\"https:\/\/monitoring.patlevic.sk\/wp-content\/uploads\/2023\/01\/pf-2018-800x487.jpg\" data-orig-src=\"https:\/\/monitoring.patlevic.sk\/wp-content\/uploads\/2023\/01\/pf-2018-800x487.jpg\" alt=\"\" width=\"800\" height=\"487\" srcset=\"data:image\/svg+xml,%3Csvg%20xmlns%3D%27http%3A%2F%2Fwww.w3.org%2F2000%2Fsvg%27%20width%3D%27800%27%20height%3D%27487%27%20viewBox%3D%270%200%20800%20487%27%3E%3Crect%20width%3D%27800%27%20height%3D%27487%27%20fill-opacity%3D%220%22%2F%3E%3C%2Fsvg%3E\" data-srcset=\"https:\/\/monitoring.patlevic.sk\/wp-content\/uploads\/2023\/01\/pf-2018-200x122.jpg 200w, https:\/\/monitoring.patlevic.sk\/wp-content\/uploads\/2023\/01\/pf-2018-300x183.jpg 300w, https:\/\/monitoring.patlevic.sk\/wp-content\/uploads\/2023\/01\/pf-2018-400x244.jpg 400w, https:\/\/monitoring.patlevic.sk\/wp-content\/uploads\/2023\/01\/pf-2018-600x365.jpg 600w, https:\/\/monitoring.patlevic.sk\/wp-content\/uploads\/2023\/01\/pf-2018-768x468.jpg 768w, https:\/\/monitoring.patlevic.sk\/wp-content\/uploads\/2023\/01\/pf-2018-800x487.jpg 800w, https:\/\/monitoring.patlevic.sk\/wp-content\/uploads\/2023\/01\/pf-2018.jpg 1000w\" data-sizes=\"auto\" data-orig-sizes=\"(max-width: 800px) 100vw, 800px\" \/><\/a><\/p>\n<p><strong>PF 2017<\/strong><\/p>\n<p><a href=\"https:\/\/monitoring.patlevic.sk\/wp-content\/uploads\/2023\/01\/pf-2017.jpg\"><img decoding=\"async\" class=\"lazyload alignnone size-fusion-800 wp-image-4295\" src=\"https:\/\/monitoring.patlevic.sk\/wp-content\/uploads\/2023\/01\/pf-2017-800x487.jpg\" data-orig-src=\"https:\/\/monitoring.patlevic.sk\/wp-content\/uploads\/2023\/01\/pf-2017-800x487.jpg\" alt=\"\" width=\"800\" height=\"487\" srcset=\"data:image\/svg+xml,%3Csvg%20xmlns%3D%27http%3A%2F%2Fwww.w3.org%2F2000%2Fsvg%27%20width%3D%27800%27%20height%3D%27487%27%20viewBox%3D%270%200%20800%20487%27%3E%3Crect%20width%3D%27800%27%20height%3D%27487%27%20fill-opacity%3D%220%22%2F%3E%3C%2Fsvg%3E\" data-srcset=\"https:\/\/monitoring.patlevic.sk\/wp-content\/uploads\/2023\/01\/pf-2017-200x122.jpg 200w, https:\/\/monitoring.patlevic.sk\/wp-content\/uploads\/2023\/01\/pf-2017-300x183.jpg 300w, https:\/\/monitoring.patlevic.sk\/wp-content\/uploads\/2023\/01\/pf-2017-400x244.jpg 400w, https:\/\/monitoring.patlevic.sk\/wp-content\/uploads\/2023\/01\/pf-2017-600x365.jpg 600w, https:\/\/monitoring.patlevic.sk\/wp-content\/uploads\/2023\/01\/pf-2017-768x468.jpg 768w, https:\/\/monitoring.patlevic.sk\/wp-content\/uploads\/2023\/01\/pf-2017-800x487.jpg 800w, https:\/\/monitoring.patlevic.sk\/wp-content\/uploads\/2023\/01\/pf-2017-1024x623.jpg 1024w, https:\/\/monitoring.patlevic.sk\/wp-content\/uploads\/2023\/01\/pf-2017.jpg 1140w\" data-sizes=\"auto\" data-orig-sizes=\"(max-width: 800px) 100vw, 800px\" \/><\/a><\/p>\n<p><strong>PF 2016<\/strong><\/p>\n<p><a href=\"https:\/\/monitoring.patlevic.sk\/wp-content\/uploads\/2023\/01\/pf-2016.jpg\"><img decoding=\"async\" class=\"lazyload alignnone size-fusion-800 wp-image-4294\" src=\"https:\/\/monitoring.patlevic.sk\/wp-content\/uploads\/2023\/01\/pf-2016-800x487.jpg\" data-orig-src=\"https:\/\/monitoring.patlevic.sk\/wp-content\/uploads\/2023\/01\/pf-2016-800x487.jpg\" alt=\"\" width=\"800\" height=\"487\" srcset=\"data:image\/svg+xml,%3Csvg%20xmlns%3D%27http%3A%2F%2Fwww.w3.org%2F2000%2Fsvg%27%20width%3D%27800%27%20height%3D%27487%27%20viewBox%3D%270%200%20800%20487%27%3E%3Crect%20width%3D%27800%27%20height%3D%27487%27%20fill-opacity%3D%220%22%2F%3E%3C%2Fsvg%3E\" data-srcset=\"https:\/\/monitoring.patlevic.sk\/wp-content\/uploads\/2023\/01\/pf-2016-200x122.jpg 200w, https:\/\/monitoring.patlevic.sk\/wp-content\/uploads\/2023\/01\/pf-2016-300x183.jpg 300w, https:\/\/monitoring.patlevic.sk\/wp-content\/uploads\/2023\/01\/pf-2016-400x244.jpg 400w, https:\/\/monitoring.patlevic.sk\/wp-content\/uploads\/2023\/01\/pf-2016-600x365.jpg 600w, https:\/\/monitoring.patlevic.sk\/wp-content\/uploads\/2023\/01\/pf-2016-768x468.jpg 768w, https:\/\/monitoring.patlevic.sk\/wp-content\/uploads\/2023\/01\/pf-2016-800x487.jpg 800w, https:\/\/monitoring.patlevic.sk\/wp-content\/uploads\/2023\/01\/pf-2016-1024x623.jpg 1024w, https:\/\/monitoring.patlevic.sk\/wp-content\/uploads\/2023\/01\/pf-2016.jpg 1140w\" data-sizes=\"auto\" data-orig-sizes=\"(max-width: 800px) 100vw, 800px\" \/><\/a><\/p>\n<p><strong>PF 2015<\/strong><\/p>\n<p><a href=\"https:\/\/monitoring.patlevic.sk\/wp-content\/uploads\/2023\/01\/pf-2015.jpg\"><img decoding=\"async\" class=\"lazyload alignnone wp-image-4293 size-fusion-800\" src=\"https:\/\/monitoring.patlevic.sk\/wp-content\/uploads\/2023\/01\/pf-2015-800x538.jpg\" data-orig-src=\"https:\/\/monitoring.patlevic.sk\/wp-content\/uploads\/2023\/01\/pf-2015-800x538.jpg\" alt=\"\" width=\"800\" height=\"538\" srcset=\"data:image\/svg+xml,%3Csvg%20xmlns%3D%27http%3A%2F%2Fwww.w3.org%2F2000%2Fsvg%27%20width%3D%27800%27%20height%3D%27538%27%20viewBox%3D%270%200%20800%20538%27%3E%3Crect%20width%3D%27800%27%20height%3D%27538%27%20fill-opacity%3D%220%22%2F%3E%3C%2Fsvg%3E\" data-srcset=\"https:\/\/monitoring.patlevic.sk\/wp-content\/uploads\/2023\/01\/pf-2015-200x134.jpg 200w, https:\/\/monitoring.patlevic.sk\/wp-content\/uploads\/2023\/01\/pf-2015-300x202.jpg 300w, https:\/\/monitoring.patlevic.sk\/wp-content\/uploads\/2023\/01\/pf-2015-400x269.jpg 400w, https:\/\/monitoring.patlevic.sk\/wp-content\/uploads\/2023\/01\/pf-2015-600x403.jpg 600w, https:\/\/monitoring.patlevic.sk\/wp-content\/uploads\/2023\/01\/pf-2015-768x516.jpg 768w, https:\/\/monitoring.patlevic.sk\/wp-content\/uploads\/2023\/01\/pf-2015-800x538.jpg 800w, https:\/\/monitoring.patlevic.sk\/wp-content\/uploads\/2023\/01\/pf-2015-1024x688.jpg 1024w, https:\/\/monitoring.patlevic.sk\/wp-content\/uploads\/2023\/01\/pf-2015.jpg 1140w\" data-sizes=\"auto\" data-orig-sizes=\"(max-width: 800px) 100vw, 800px\" \/><\/a><\/p>\n<p><strong>PF 2014<\/strong><\/p>\n<p><a href=\"https:\/\/monitoring.patlevic.sk\/wp-content\/uploads\/2023\/01\/pf-2014.jpg\"><img decoding=\"async\" class=\"lazyload alignnone wp-image-4292 size-fusion-800\" src=\"https:\/\/monitoring.patlevic.sk\/wp-content\/uploads\/2023\/01\/pf-2014-800x474.jpg\" data-orig-src=\"https:\/\/monitoring.patlevic.sk\/wp-content\/uploads\/2023\/01\/pf-2014-800x474.jpg\" alt=\"\" width=\"800\" height=\"474\" srcset=\"data:image\/svg+xml,%3Csvg%20xmlns%3D%27http%3A%2F%2Fwww.w3.org%2F2000%2Fsvg%27%20width%3D%27800%27%20height%3D%27474%27%20viewBox%3D%270%200%20800%20474%27%3E%3Crect%20width%3D%27800%27%20height%3D%27474%27%20fill-opacity%3D%220%22%2F%3E%3C%2Fsvg%3E\" data-srcset=\"https:\/\/monitoring.patlevic.sk\/wp-content\/uploads\/2023\/01\/pf-2014-200x119.jpg 200w, https:\/\/monitoring.patlevic.sk\/wp-content\/uploads\/2023\/01\/pf-2014-300x178.jpg 300w, https:\/\/monitoring.patlevic.sk\/wp-content\/uploads\/2023\/01\/pf-2014-400x237.jpg 400w, https:\/\/monitoring.patlevic.sk\/wp-content\/uploads\/2023\/01\/pf-2014-600x356.jpg 600w, https:\/\/monitoring.patlevic.sk\/wp-content\/uploads\/2023\/01\/pf-2014-768x455.jpg 768w, https:\/\/monitoring.patlevic.sk\/wp-content\/uploads\/2023\/01\/pf-2014-800x474.jpg 800w, https:\/\/monitoring.patlevic.sk\/wp-content\/uploads\/2023\/01\/pf-2014.jpg 1000w\" data-sizes=\"auto\" data-orig-sizes=\"(max-width: 800px) 100vw, 800px\" \/><\/a><\/p>\n<\/div><\/div><style type=\"text\/css\">.fusion-body .fusion-builder-column-1{width:60% !important;margin-top : 0px;margin-bottom : 20px;}.fusion-builder-column-1 > .fusion-column-wrapper {padding-top : 0px !important;padding-right : 0px !important;margin-right : 3.2%;padding-bottom : 0px !important;padding-left : 0px !important;margin-left : 3.2%;}@media only screen and (max-width:1024px) {.fusion-body .fusion-builder-column-1{width:60% !important;order : 0;}.fusion-builder-column-1 > .fusion-column-wrapper {margin-right : 3.2%;margin-left : 3.2%;}}@media only screen and (max-width:640px) {.fusion-body .fusion-builder-column-1{width:100% !important;order : 0;}.fusion-builder-column-1 > .fusion-column-wrapper {margin-right : 1.92%;margin-left : 1.92%;}}<\/style><\/div><div class=\"fusion-layout-column fusion_builder_column fusion-builder-column-2 fusion_builder_column_1_5 1_5 fusion-flex-column\"><div class=\"fusion-column-wrapper fusion-flex-justify-content-flex-start fusion-content-layout-column\" style=\"background-position:left top;background-repeat:no-repeat;-webkit-background-size:cover;-moz-background-size:cover;-o-background-size:cover;background-size:cover;padding: 0px 0px 0px 0px;\"><\/div><style type=\"text\/css\">.fusion-body .fusion-builder-column-2{width:20% !important;margin-top : 0px;margin-bottom : 20px;}.fusion-builder-column-2 > .fusion-column-wrapper {padding-top : 0px !important;padding-right : 0px !important;margin-right : 9.6%;padding-bottom : 0px !important;padding-left : 0px !important;margin-left : 9.6%;}@media only screen and (max-width:1024px) {.fusion-body .fusion-builder-column-2{width:20% !important;order : 0;}.fusion-builder-column-2 > .fusion-column-wrapper {margin-right : 9.6%;margin-left : 9.6%;}}@media only screen and (max-width:640px) {.fusion-body .fusion-builder-column-2{width:100% !important;order : 0;}.fusion-builder-column-2 > .fusion-column-wrapper {margin-right : 1.92%;margin-left : 1.92%;}}<\/style><\/div><\/div><style type=\"text\/css\">.fusion-body .fusion-flex-container.fusion-builder-row-1{ padding-top : 0px;margin-top : 0px;padding-right : 0px;padding-bottom : 0px;margin-bottom : 0px;padding-left : 0px;}<\/style><\/div>\n","protected":false},"excerpt":{"rendered":"","protected":false},"author":1,"featured_media":0,"parent":0,"menu_order":0,"comment_status":"closed","ping_status":"closed","template":"","meta":{"footnotes":"","_links_to":"","_links_to_target":""},"class_list":["post-4035","page","type-page","status-publish","hentry"],"_links":{"self":[{"href":"https:\/\/monitoring.patlevic.sk\/index.php?rest_route=\/wp\/v2\/pages\/4035","targetHints":{"allow":["GET"]}}],"collection":[{"href":"https:\/\/monitoring.patlevic.sk\/index.php?rest_route=\/wp\/v2\/pages"}],"about":[{"href":"https:\/\/monitoring.patlevic.sk\/index.php?rest_route=\/wp\/v2\/types\/page"}],"author":[{"embeddable":true,"href":"https:\/\/monitoring.patlevic.sk\/index.php?rest_route=\/wp\/v2\/users\/1"}],"replies":[{"embeddable":true,"href":"https:\/\/monitoring.patlevic.sk\/index.php?rest_route=%2Fwp%2Fv2%2Fcomments&post=4035"}],"version-history":[{"count":7,"href":"https:\/\/monitoring.patlevic.sk\/index.php?rest_route=\/wp\/v2\/pages\/4035\/revisions"}],"predecessor-version":[{"id":4829,"href":"https:\/\/monitoring.patlevic.sk\/index.php?rest_route=\/wp\/v2\/pages\/4035\/revisions\/4829"}],"wp:attachment":[{"href":"https:\/\/monitoring.patlevic.sk\/index.php?rest_route=%2Fwp%2Fv2%2Fmedia&parent=4035"}],"curies":[{"name":"wp","href":"https:\/\/api.w.org\/{rel}","templated":true}]}}